greatest common divisor of 267811606 and 3494?
3494
Calculate the highest common factor of 1499225 and 243425.
2275
What is the highest common factor of 1258591175 and 16498?
8249
Calculate the highest common divisor of 11352 and 184866.
66
What is the greatest common divisor of 6660 and 2046960?
180
Calculate the greatest common factor of 744 and 3359284.
124
What is the highest common divisor of 64 and 15788764?
4
Calculate the highest common divisor of 255879 and 221.
13
Calculate the greatest common divisor of 38 and 421298837.
19
What is the greatest common factor of 1000724 and 188?
188
Calculate the greatest common factor of 26139269 and 55484.
1261
Calculate the highest common factor of 22990 and 1215.
5
What is the highest common factor of 6493660 and 3860?
20
What is the highest common factor of 19894818 and 14664?
282
What is the highest common divisor of 1425445 and 33082?
973
Calculate the greatest common divisor of 405186580 and 449.
449
Calculate the highest common factor of 27 and 466169976.
9
Calculate the highest common factor of 4859442 and 70.
14
What is the greatest common factor of 223830743 and 2799?
311
What is the greatest common factor of 55042 and 179452?
754
Calculate the greatest common factor of 262275 and 1248.
39
Calculate the greatest common divisor of 4220 and 5579684.
844
Calculate the highest common divisor of 6049 and 11710075.
263
Calculate the greatest common factor of 31068 and 52464.
12
Calculate the greatest common divisor of 2155554 and 10943.
31
What is the greatest common divisor of 17991 and 36009?
9
What is the greatest common factor of 510 and 395014380?
510
What is the greatest common factor of 2860 and 20877532?
52
What is the highest common factor of 9619330 and 210?
70
What is the greatest common divisor of 14023 and 1682381?
379
Calculate the highest common factor of 5053 and 162161.
31
What is the highest common factor of 5754 and 1820469?
21
What is the greatest common divisor of 13 and 23191883?
13
What is the greatest common factor of 3934812 and 945?
21
What is the greatest common factor of 116555 and 220?
5
Calculate the highest common divisor of 3090 and 3285550650.
3090
Calculate the greatest common factor of 65 and 1825315.
5
What is the greatest common factor of 1156456 and 1624?
56
Calculate the greatest common divisor of 51484356 and 70356.
5412
What is the greatest common divisor of 169643 and 1833788?
587
What is the greatest common factor of 441936 and 403?
31
Calculate the highest common divisor of 559988 and 476684.
4628
Calculate the greatest common factor of 5050812 and 2847.
39
What is the greatest common divisor of 2693530 and 68110?
490
What is the highest common divisor of 2105728 and 96?
32
Calculate the highest common divisor of 6489 and 9773757.
63
Calculate the highest common divisor of 774117 and 23641.
503
What is the greatest common factor of 23 and 14561691?
23
What is the highest common factor of 702726 and 19203?
519
What is the greatest common factor of 12654 and 571254?
114
Calculate the greatest common factor of 18575 and 16959718.
743
What is the highest common factor of 1148 and 7760644?
164
Calculate the greatest common factor of 1207448 and 3168.
88
Calculate the highest common factor of 31239403 and 3419.
3419
What is the highest common factor of 1094 and 179732713?
547
Calculate the greatest common divisor of 145 and 277597251.
29
Calculate the highest common divisor of 103864 and 204400.
8
What is the greatest common factor of 90617475 and 6825?
975
Calculate the greatest common divisor of 149 and 2090321.
149
Calculate the greatest common divisor of 33222 and 2138073.
2373
Calculate the greatest common divisor of 1209992 and 651.
217
Calculate the highest common divisor of 128 and 123478592.
64
What is the highest common factor of 125418590 and 1640?
410
What is the greatest common divisor of 1200 and 1043925?
75
Calculate the greatest common divisor of 1557 and 28532544.
519
Calculate the highest common factor of 2754 and 6253722.
306
What is the greatest common factor of 19198413 and 2496?
39
What is the highest common divisor of 138004498 and 62?
62
Calculate the greatest common divisor of 35465848 and 1726.
1726
What is the greatest common factor of 31589 and 845091?
31
What is the greatest common divisor of 10314866 and 27572?
226
Calculate the greatest common factor of 3089372 and 17446.
286
Calculate the highest common divisor of 2134 and 4510694.
194
Calculate the greatest common factor of 241058290 and 25.
5
What is the highest common divisor of 19750660 and 20?
20
Calculate the highest common divisor of 8927 and 482849.
113
What is the highest common divisor of 8988 and 125484036?
1284
What is the greatest common divisor of 86 and 5966465?
43
Calculate the greatest common factor of 12130812 and 4220.
844
Calculate the highest common factor of 2365 and 447490465.
215
What is the greatest common factor of 137403 and 4361?
7
Calculate the highest common divisor of 2305 and 116838145.
2305
What is the greatest common factor of 3553 and 45804?
11
Calculate the greatest common factor of 10461 and 31066.
317
Calculate the greatest common divisor of 15741100 and 1400.
100
What is the highest common factor of 5963048 and 2548?
364
Calculate the highest common divisor of 6122 and 1657886576.
6122
What is the highest common factor of 5475 and 41829?
219
Calculate the greatest common divisor of 44828 and 41468.
28
Calculate the highest common divisor of 76551 and 6171.
51
Calculate the highest common divisor of 11577267 and 234.
117
What is the highest common divisor of 3504 and 4929252?
876
Calculate the highest common divisor of 3327945 and 817.
19
Calculate the highest common divisor of 11164912 and 8800.
176
Calculate the highest common factor of 14163317 and 819.
7
What is the highest common factor of 12 and 10488?
12
What is the highest common divisor of 4839 and 7350?
3
Calculate the greatest common divisor of 112422436 and 644.
644
What is the highest common divisor of 10520 and 45958724?
1052
What is the highest common divisor of 5300 and 1570390?
530
What is the greatest common factor of 6952 and 1249160?
88
Calculate the greatest common divisor of 87703 and 120615.
187
Calculate the highest common factor of 7414488 and 1541134.
7102
Calculate the highest common factor of 4633 and 17341729.
41
Calculate the highest common factor of 5675789 and 249.
83
What is the greatest common divisor of 12410 and 601222?
34
What is the highest common divisor of 14592 and 17613?
57
What is the greatest common factor of 28166756 and 1?
1
What is the greatest common factor of 1297959 and 146172?
39
What is the highest common divisor of 8654 and 321630237?
4327
Calculate the highest common divisor of 21100596 and 132.
132
What is the highest common divisor of 4662 and 1091796?
222
What is the highest common divisor of 4 and 7405049?
1
What is the greatest common divisor of 69 and 161414805?
69
What is the greatest common factor of 57805 and 20272739?
1051
Calculate the highest common factor of 42238772 and 1580.
316
What is the highest common divisor of 55423990 and 264125?
10565
What is the greatest common factor of 3501789 and 4815?
321
What is the highest common divisor of 294775 and 2925?
325
What is the greatest common factor of 242 and 27293849?
121
What is the highest common divisor of 6160 and 4477165?
385
Calculate the greatest common divisor of 1197607630 and 10.
10
What is the greatest common divisor of 332383 and 494974?
379
What is the greatest common factor of 1562 and 240966?
22
Calculate the highest common divisor of 583341 and 11253.
363
What is the greatest common divisor of 40402455 and 2108?
527
What is the highest common divisor of 696159 and 72?
9
Calculate the highest common factor of 8679 and 985461.
789
What is the greatest common divisor of 2517017 and 46693?
881
What is the highest common factor of 4624107 and 327?
327
Calculate the highest common factor of 8185564 and 4.
4
What is the highest common divisor of 114 and 6698469?
57
Calculate the greatest common factor of 1016 and 314982606.
254
Calculate the greatest common divisor of 8892 and 779571.
117
What is the greatest common factor of 3581248 and 2816?
704
Calculate the